5, 104831921
What are the prime factors of 175028853?
3, 1297, 44983
List the prime factors of 39239803.
311, 126173
What are the prime factors of 198804410?
2, 5, 7, 19, 23, 67, 97
What are the prime factors of 18356755?
5, 19, 199, 971
List the prime factors of 2149344820.
2, 5, 7, 2193209
What are the prime factors of 7462781?
1597, 4673
What are the prime factors of 32710256?
2, 2044391
What are the prime factors of 74805229?
74805229
List the prime factors of 390487982.
2, 331, 589861
What are the prime factors of 360323852?
2, 7, 613, 2999
What are the prime factors of 122119534?
2, 17, 199, 18049
What are the prime factors of 33823109?
461, 73369
What are the prime factors of 3950067052?
2, 2957, 333959
List the prime factors of 2522606078.
2, 61, 20677099
List the prime factors of 748655.
5, 149731
List the prime factors of 1373347316.
2, 11, 29, 41, 26251
What are the prime factors of 220516956?
2, 3, 11, 556861
What are the prime factors of 819283014?
2, 3, 11, 389, 967
What are the prime factors of 123053679?
3, 7, 1953233
List the prime factors of 243852766.
2, 71, 293, 5861
What are the prime factors of 267285732?
2, 3, 7, 3181973
What are the prime factors of 1710725758?
2, 7, 113, 1081369
List the prime factors of 222667744.
2, 13, 137, 3907
List the prime factors of 120025429.
71, 569, 2971
List the prime factors of 64761988.
2, 29, 37, 79, 191
What are the prime factors of 24103788?
2, 3, 163, 12323
What are the prime factors of 651993525?
3, 5, 157, 18457
What are the prime factors of 130184561?
13, 19, 527063
What are the prime factors of 284004163?
29, 9793247
List the prime factors of 421398271.
7, 6733, 8941
What are the prime factors of 181771801?
131, 1387571
List the prime factors of 9358037.
13, 55373
What are the prime factors of 9783961?
11, 179, 4969
What are the prime factors of 47435237?
41, 509, 2273
What are the prime factors of 171795781?
41, 433, 9677
List the prime factors of 234347306.
2, 157, 746329
List the prime factors of 560424583.
560424583
List the prime factors of 191438966.
2, 67, 1428649
What are the prime factors of 496482028?
2, 7, 1811, 9791
List the prime factors of 3756004322.
2, 7, 19, 67, 73, 2887
What are the prime factors of 34305417?
3, 1270571
List the prime factors of 15679984.
2, 17, 3391
List the prime factors of 32620656.
2, 3, 679597
List the prime factors of 87858478.
2, 241, 182279
What are the prime factors of 6805997156?
2, 7, 59, 4119853
What are the prime factors of 330624965?
5, 11, 6011363
What are the prime factors of 144094587?
3, 7, 13, 527819
List the prime factors of 39305861.
7, 31, 5843
What are the prime factors of 4664903414?
2, 18757, 124351
What are the prime factors of 162213831?
3, 13, 1386443
What are the prime factors of 1416589493?
11, 128780863
List the prime factors of 81645199.
37, 2206627
List the prime factors of 2972384546.
2, 43, 83, 416417
List the prime factors of 54481715.
5, 10896343
List the prime factors of 217985583.
3, 31, 487, 4813
List the prime factors of 530377977.
3, 31, 109, 52321
What are the prime factors of 295721533?
295721533
What are the prime factors of 405355603?
405355603
List the prime factors of 269901925.
5, 241, 44797
What are the prime factors of 1894877604?
2, 3, 31, 565973
What are the prime factors of 4375319?
13, 336563
What are the prime factors of 95931802?
2, 53, 113, 8009
List the prime factors of 1171470.
2, 3, 5, 17, 2297
What are the prime factors of 2612123717?
7, 373160531
What are the prime factors of 1719559182?
2, 3, 11, 1193, 21839
What are the prime factors of 4262030656?
2, 13, 43, 119131
List the prime factors of 62200275.
3, 5, 223, 3719
What are the prime factors of 482249294?
2, 29, 8314643
What are the prime factors of 2213145?
3, 5, 11, 17, 263
What are the prime factors of 117141749?
1283, 91303
What are the prime factors of 194512494?
2, 3, 11, 2947159
What are the prime factors of 25876408?
2, 3234551
What are the prime factors of 251916493?
23, 10952891
List the prime factors of 845492954.
2, 422746477
What are the prime factors of 2662582402?
2, 101, 191, 69011
List the prime factors of 2587348248.
2, 3, 107806177
What are the prime factors of 50568790?
2, 5, 227, 22277
List the prime factors of 36615508.
2, 19, 25357
What are the prime factors of 868516559?
868516559
List the prime factors of 245693751.
3, 23, 3560779
What are the prime factors of 22143597?
3, 7, 1054457
List the prime factors of 15175722.
2, 3, 23, 277, 397
List the prime factors of 148171958.
2, 11, 6735089
List the prime factors of 5466483985.
5, 97, 191, 59011
What are the prime factors of 55552099?
59, 941561
What are the prime factors of 49129472?
2, 7, 23, 149
List the prime factors of 45100167.
3, 7, 17, 19, 61, 109
List the prime factors of 48273892.
2, 41, 294353
What are the prime factors of 114945409?
47, 2445647
What are the prime factors of 133612465?
5, 7, 19, 28703
List the prime factors of 351873663.
3, 37, 79, 40127
List the prime factors of 1059027443.
727, 1456709
List the prime factors of 44047764.
2, 3, 1223549
What are the prime factors of 1593427338?
2, 3, 4273, 20717
List the prime factors of 95847710.
2, 5, 7, 397, 3449
What are the prime factors of 706603096?
2, 17, 29, 97, 1847
List the prime factors of 129627586.
2, 11, 23, 256181
List the prime factors of 29064925.
5, 1162597
What are the prime factors of 3504745496?
2, 7, 1933, 32377
List the prime factors of 13970536.
2, 1746317
What are the prime factors of 14146847?
11, 13, 98929
What are the prime factors of 15633366?
2, 3, 7, 372223
What are the prime factors of 32985140?
2, 5, 19, 61, 1423
List the prime factors of 526277956.
2, 2213, 59453
What are the prime factors of 40980101?
40980101
List the prime factors of 1118330134.
2, 241, 631, 3677
List the prime factors of 1172248205.
5, 761, 308081
List the prime factors of 2544453.
3, 37, 283
What are the prime factors of 28061409?
3, 67, 139609
What are the prime factors of 33334754?
2, 16667377
List the prime factors of 2459221736.
2, 307402717
List the prime factors of 1425974920.
2, 5, 35649373
What are the prime factors of 119809041?
3, 11, 19, 89, 113
List the prime factors of 3238184566.
2, 53, 1619, 18869
What are the prime factors of 913393608?
2, 3, 38058067
What are the prime factors of 579219824?
2, 67, 397, 1361
List the prime factors of 1945643935.
5, 389128787
What are the prime factors of 80488052?
2, 1559, 12907
List the prime factors of 2225511537.
3, 151, 2053, 2393
What are the prime factors of 384633342?
2, 3, 467, 45757
What are the prime factors of 254905258?
2, 127452629
What are the prime factors of 6395773326?
2, 3, 3301, 322921
What are the prime factors of 123116968?
2, 13, 137, 8641
What are the prime factors of 363456121?
7, 31, 1674913
List the prime factors of 112701046.
2, 19, 41, 72337
What are the prime factors of 127835801?
17, 101, 74453
What are the prime factors of 50117703?
3, 41, 331, 1231
List the prime factors of 2367621432.
2, 3, 11, 89, 33589
What are the prime factors of 18314944?
2, 286171
List the prime factors of 62586969.
3, 19, 1098017
List the prime factors of 130921388.
2, 13, 937, 2687
List the prime factors of 6267135.
3, 5, 7, 17, 3511
What are the prime factors of 4728852?
2, 3, 131357
What are the prime factors of 577144758?
2, 3, 1381, 69653
List the prime factors of 135399092.
2, 19, 1781567
List the prime factors of 602404518.
2, 3, 251, 269, 1487
List the prime factors of 5217302091.
3, 17, 59, 1733899
List the prime factors of 265367378.
2, 31, 191, 22409
List the prime factors of 20679031.
20679031
What are the prime factors of 678618184?
2, 37, 347, 6607
What are the prime factors of 854217124?
2, 19, 41, 274139
What are the prime factors of 634702678?
2, 317351339
List the prime factors of 950458445.
5, 190091689
List the prime factors of 4775325.
3, 5, 63671
List the prime factors of 640382699.
11, 191, 229
List the prime factors of 13927130.
2, 5, 7, 198959
What are the prime factors of 283735494?
2, 3, 7, 137, 5479
What are the prime factors of 278744510?
2, 5, 11, 2534041
List the prime factors of 1007026622.
2, 7, 71930473
List the prime factors of 5316264807.
3, 7, 167, 1039, 1459
What are the prime factors of 419683